{"id":3251,"date":"2016-11-14T17:41:20","date_gmt":"2016-11-14T16:41:20","guid":{"rendered":"https:\/\/www.mgt-conseils.com\/?page_id=3251"},"modified":"2019-01-22T14:52:00","modified_gmt":"2019-01-22T13:52:00","slug":"processus-de-recrutement","status":"publish","type":"page","link":"https:\/\/www.mgt-conseils.com\/index.php\/recrutement\/processus-de-recrutement\/","title":{"rendered":"Processus de recrutement"},"content":{"rendered":"<div id=\"pl-3251\"  class=\"panel-layout\" ><div id=\"pg-3251-0\"  class=\"panel-grid panel-has-style\" ><div id=\"newheader\" class=\"panel-row-style panel-row-style-for-3251-0\" ><div id=\"pgc-3251-0-0\"  class=\"panel-grid-cell\" ><div id=\"panel-3251-0-0-0\" class=\"so-panel widget widget_lsow-hero-image panel-first-child panel-last-child\" data-index=\"0\" ><div class=\"so-widget-lsow-hero-image so-widget-lsow-hero-image-default-f81bf4c7171c\">\n\n<div class=\"lsow-hero-header lsow-section-bg-cover\" >\n\n    <div class=\"lsow-background\">\n\n        \n            \n            \n                \n                    <div class=\"lsow-image-bg\"\n                         style=\"background-image: url(https:\/\/www.mgt-conseils.com\/wp-content\/uploads\/2016\/11\/header_process_recrutement_vf.png);\"><\/div>\n\n                \n            \n        \n    <\/div><!-- .lsow-background -->\n\n    \n        <div class=\"lsow-overlay\" style=\"background-color: rgba(51, 51, 51, 0.49);\"><\/div>\n\n    \n    <div class=\"lsow-header-content\">\n\n        \n            <div class=\"lsow-custom-header\">\n\n                <p class=\"animate-plus animate-init animated fadeInDown\" style=\"text-align: center;\" data-animation-group=\"_0\" data-animations=\"fadeInDown\" data-animation-delay=\"0.5s\"><span style=\"color: #ffffff;\">\u00a0<\/span><\/p><h1 style=\"text-align: center;\"><span style=\"color: #ffffff;\">Processus de recrutement<\/span><\/h1><h2 style=\"text-align: center;\"><span style=\"color: #ffffff;\">\"Pour nous rejoindre, rien de plus simple\u2026\"<\/span><\/h2><p style=\"text-align: center;\"><script src=\"https:\/\/ajax.googleapis.com\/ajax\/libs\/webfont\/1.5.10\/webfont.js\"><\/script><script type=\"text\/javascript\">\r\nWebFont.load({\r\n\tgoogle: {families:['Arial'],\r\n        api: '\/fonts\/api'} \r\n})\r\n<\/script> <style type=\"text\/css\"><\/style><style type=\"text\/css\">\r\n\r\n\r\n.button_wrapper_id_3260{\r\n\tmargin-top: 10px!important;\r\n\tmargin-right: 10px!important;\r\n\tmargin-bottom: 10px!important;\r\n\tmargin-left: 10px!important;\r\n\tdisplay: block;}\r\n.button_container_id_3260{\r\n\twidth: 200px!important;\t\r\n\ttext-align: center!important;\r\n\tmargin: 0 auto!important;\t\r\n}\r\n\r\n\r\n.wd_button_3260{\r\n\t line-height: 1.42857143;\r\n\ttext-decoration: none!important;\r\n\tdisplay: inline-block;\r\n\tborder-bottom: none;\t\r\n\twidth: 169px!important;\r\n\theight: 45px;\r\n\tpadding-top: 10px!important;\r\n\tpadding-right: 10px!important;\r\n\tpadding-bottom: 10px!important;\r\n\tpadding-left: 10px!important;\r\n\tcolor: #ffffff!important;\r\n\tfont-family:Arial;\r\n\tfont-size: 15px!important;\r\n\tfont-weight: bold;\r\n\tfont-style: ;\r\n\ttext-align: center;\r\n\r\n\t\t\tborder-top-left-radius: 10px;\r\n\t\tborder-top-right-radius: 10px;\r\n\t\tborder-bottom-left-radius:  10px;\r\n\t\tborder-bottom-right-radius: 10px;\r\n\t\t\r\n\t\t\r\n\r\n\t\t\t\t\tborder-style: solid;\r\n\t\t\tborder-width: 3px;\r\n\t\t\tborder-color: #19c916;\r\n\t\t\t\t\t\ttext-shadow:0px 0px 0px #ffffff;\r\n\r\n\r\n\t\t\t-webkit-box-shadow: 0px 0px 0px #b5b5b5;\r\n\t\t\t-moz-box-shadow: 0px 0px 0px #b5b5b5;\r\n\t\t\tbox-shadow: 0px 0px 0px #b5b5b5;\r\n\r\n\r\n\t\t\tbackground: -webkit-gradient(linear, left top, left bottom, color-stop(45%, rgba(25,201,22,1)), color-stop(1, rgba(25,201,22,1)));\r\n\t\t\tbackground: -moz-linear-gradient(rgba(25,201,22,1) 45%, rgba(25,201,22,1));\r\n\t\t\tbackground: -o-linear-gradient(rgba(25,201,22,1) 45%, rgba(25,201,22,1));\r\n\t\t\tbackground: linear-gradient(rgba(25,201,22,1) 45%, rgba(25,201,22,1));\r\n\t\t\twebkit-transition: all 0.3s;\r\n\t\t\t-moz-transition: all 0.3s;\r\n\t\t\ttransition: all 0.3s;\r\n\t\t}\r\n\r\n\t\t\r\n\r\n\t\t\t.wd_button_3260:hover{\r\n\t\t\t\tcolor: #ffffff!important;\r\n\t\t\t\ttext-shadow:0px 0px 0px #ffffff;\r\n\t\t\t\ttext-shadow-color:#ffffff;\t\r\n\t\t\t\tborder-color: #81d742;\r\n\t\t\t\t-webkit-box-shadow: 0px 0px 0px #b5b5b5;\r\n\t\t\t\t-moz-box-shadow: 0px 0px 0px #b5b5b5;\r\n\t\t\t\tbox-shadow: 0px 0px 0px #b5b5b5;\r\n\r\n\t\t\t\t\t\t\t\t\tbackground: -webkit-gradient(linear, left top, left bottom, color-stop(45%, rgba(129,215,66,1)), color-stop(1, rgba(129,215,66,1)));\r\n\t\t\t\t\tbackground: -moz-linear-gradient(rgba(129,215,66,1) 45%, rgba(129,215,66,1));\r\n\t\t\t\t\tbackground: -o-linear-gradient(rgba(129,215,66,1) 45%, rgba(129,215,66,1));\r\n\t\t\t\t\tbackground: linear-gradient(rgba(129,215,66,1) 45%, rgba(129,215,66,1));\r\n\t\t\t\t\t\r\n\r\n\t\t\t\t\twebkit-transition: all 0.3s;\r\n\t\t\t\t\t-moz-transition: all 0.3s;\r\n\t\t\t\t\ttransition: all 0.3s;\r\n\t\t\t\t}\r\n\t\t\t\t<\/style><div class=\"button_wrapper_id_3260\">\r\n\t<div class=\"button_container button_container_id_3260\">\t\r\n\t\t<a href=\"https:\/\/www.mgt-conseils.com\/index.php\/recrutement\/\" target=\"_blank\" id=\"wd_button\" class=\"wd-hvr-simple wd_button_3260\"  >Je postule<\/a>\t\r\n\t\t<div class=\"clear_fix\"><\/div>\r\n\t<\/div>\r\n<\/div><\/p>\n            <\/div>\n\n        \n\n    <\/div>\n\n    \n<\/div><\/div><\/div><\/div><\/div><\/div><div id=\"pg-3251-1\"  class=\"panel-grid panel-has-style\" ><div class=\"siteorigin-panels-stretch panel-row-style panel-row-style-for-3251-1\" style=\"background-color: #ededed; color: #333333; \" data-stretch-type=\"full\" ><div id=\"pgc-3251-1-0\"  class=\"panel-grid-cell\" ><div id=\"panel-3251-1-0-0\" class=\"so-panel widget widget_spacer panel-first-child panel-last-child\" data-index=\"1\" ><div class=\"so-widget-spacer so-widget-spacer-spacer-style-d75171398898\">\r\n\r\n\r\n\r\n\r\n<div class=\"spacer\" style=\"height: 3px\">\r\n<\/div><\/div><\/div><\/div><div id=\"pgc-3251-1-1\"  class=\"panel-grid-cell\" ><div id=\"panel-3251-1-1-0\" class=\"so-panel widget widget_spacer panel-first-child\" data-index=\"2\" ><div class=\"so-widget-spacer so-widget-spacer-spacer-style-d75171398898\">\r\n\r\n\r\n\r\n\r\n<div class=\"spacer\" style=\"height: 3px\">\r\n<\/div><\/div><\/div><div id=\"panel-3251-1-1-1\" class=\"so-panel widget widget_lsow-services panel-last-child\" data-index=\"3\" ><div class=\"panel-widget-style panel-widget-style-for-3251-1-1-1\" ><div class=\"so-widget-lsow-services so-widget-lsow-services-default-d75171398898\">\n\n\n<div class=\"lsow-services lsow-style2 lsow-grid-container\">\n\n    \n        \n        <div class=\"lsow-service-wrapper lsow-twelvecol\">\n\n            <div class=\"lsow-service\">\n\n                \n                    <div class=\"lsow-image-wrapper\">\n\n                        <img width=\"117\" height=\"147\" src=\"https:\/\/www.mgt-conseils.com\/wp-content\/uploads\/2016\/11\/3semainepetit.png\" class=\"lsow-image full\" alt=\"\" loading=\"lazy\" \/>\n                    <\/div>\n\n                \n                <div class=\"lsow-service-text\">\n\n                    <h3 class=\"lsow-title\">En 3 semaines <\/h3>\n\n                    <div class=\"lsow-service-details\"><p style=\"text-align:justify\">Vous rep\u00e9rez une annonce et souhaitez y postuler ? <br \/>Transmettez-nous <a href=\"https:\/\/www.mgt-conseils.com\/index.php\/recrutement\/\">votre dossier de candidature (CV)<\/a>. <br \/>Si votre profil et votre projet correspondent \u00e0 nos recherches, vous entrez dans le <strong>processus de recrutement<\/strong> qui dure au <strong>maximum 3 semaines.<\/strong><br \/><\/p>\n<\/div>\n\n                <\/div>\n\n            <\/div>\n\n        <\/div>\n\n    \n<\/div><\/div><\/div><\/div><\/div><div id=\"pgc-3251-1-2\"  class=\"panel-grid-cell\" ><div id=\"panel-3251-1-2-0\" class=\"so-panel widget widget_spacer panel-first-child\" data-index=\"4\" ><div class=\"so-widget-spacer so-widget-spacer-spacer-style-d75171398898\">\r\n\r\n\r\n\r\n\r\n<div class=\"spacer\" style=\"height: 3px\">\r\n<\/div><\/div><\/div><div id=\"panel-3251-1-2-1\" class=\"so-panel widget widget_sow-editor panel-last-child\" data-index=\"5\" ><div class=\"so-widget-sow-editor so-widget-sow-editor-base\">\n<div class=\"siteorigin-widget-tinymce textwidget\">\n\t<p><iframe width=\"525\" height=\"280\" src=\"https:\/\/www.youtube.com\/embed\/t818L9RBiLo\" frameborder=\"0\" allowfullscreen><\/iframe><\/p>\n<\/div>\n<\/div><\/div><\/div><div id=\"pgc-3251-1-3\"  class=\"panel-grid-cell\" ><div id=\"panel-3251-1-3-0\" class=\"so-panel widget widget_spacer panel-first-child\" data-index=\"6\" ><div class=\"so-widget-spacer so-widget-spacer-spacer-style-d75171398898\">\r\n\r\n\r\n\r\n\r\n<div class=\"spacer\" style=\"height: 3px\">\r\n<\/div><\/div><\/div><div id=\"panel-3251-1-3-1\" class=\"so-panel widget widget_lsow-testimonials-slider\" data-index=\"7\" ><div class=\"panel-widget-style panel-widget-style-for-3251-1-3-1\" ><div class=\"so-widget-lsow-testimonials-slider so-widget-lsow-testimonials-slider-default-d75171398898\">\n\n<div class=\"lsow-testimonials-slider lsow-flexslider lsow-container\"             data-slideshow_speed=\"5000\"                data-animation_speed=\"600\"                data-pause_on_action=\"1\"                data-pause_on_hover=\"1\"                data-so_field_container_state=\"open\"            >\n\n    <div class=\"lsow-slides\">\n\n        \n            <div class=\"lsow-slide lsow-testimonial-wrapper\">\n\n                <div class=\"lsow-testimonial\">\n\n                    <div class=\"lsow-testimonial-text\">\n\n                        <i class=\"lsow-icon-quote\"><\/i>\n\n                        <p><span style=\"color: #f39200\">Chez MGT Conseils les avis des collaborateurs comptent !<\/span><\/p>\n                    <\/div>\n\n                    <div class=\"lsow-testimonial-user\">\n\n                        <div class=\"lsow-image-wrapper\">\n                            <img width=\"150\" height=\"150\" src=\"https:\/\/www.mgt-conseils.com\/wp-content\/uploads\/2016\/11\/10549017_10204093178986301_2878670214042440850_o_2-150x150.jpg\" class=\"lsow-image full\" alt=\"\" loading=\"lazy\" \/>                        <\/div>\n\n                        <div class=\"lsow-text\">\n                            <h4 class=\"lsow-author-name\">Gervais YOUNDOM<\/h4>\n                            <div class=\"lsow-author-credentials\">Consultant BI<\/div>\n                        <\/div>\n\n                    <\/div>\n\n                <\/div>\n\n            <\/div>\n\n        \n            <div class=\"lsow-slide lsow-testimonial-wrapper\">\n\n                <div class=\"lsow-testimonial\">\n\n                    <div class=\"lsow-testimonial-text\">\n\n                        <i class=\"lsow-icon-quote\"><\/i>\n\n                        <p><span style=\"color: #f39200\">MGT Conseils est une entreprise exigeante et profond\u00e9ment humaine qui valorise <br \/>l'engagement de ses collaborateurs.<\/span><\/p>\n                    <\/div>\n\n                    <div class=\"lsow-testimonial-user\">\n\n                        <div class=\"lsow-image-wrapper\">\n                            <img width=\"150\" height=\"150\" src=\"https:\/\/www.mgt-conseils.com\/wp-content\/uploads\/2016\/11\/Marie-150x150.jpg\" class=\"lsow-image full\" alt=\"\" loading=\"lazy\" srcset=\"https:\/\/www.mgt-conseils.com\/wp-content\/uploads\/2016\/11\/Marie-150x150.jpg 150w, https:\/\/www.mgt-conseils.com\/wp-content\/uploads\/2016\/11\/Marie-300x300.jpg 300w, https:\/\/www.mgt-conseils.com\/wp-content\/uploads\/2016\/11\/Marie.jpg 337w\" sizes=\"(max-width: 150px) 100vw, 150px\" \/>                        <\/div>\n\n                        <div class=\"lsow-text\">\n                            <h4 class=\"lsow-author-name\">Marie PICART<\/h4>\n                            <div class=\"lsow-author-credentials\">Charg\u00e9e des Ressources Humaines<\/div>\n                        <\/div>\n\n                    <\/div>\n\n                <\/div>\n\n            <\/div>\n\n        \n            <div class=\"lsow-slide lsow-testimonial-wrapper\">\n\n                <div class=\"lsow-testimonial\">\n\n                    <div class=\"lsow-testimonial-text\">\n\n                        <i class=\"lsow-icon-quote\"><\/i>\n\n                        <p><span style=\"color: #f39200\">Ce qui me plait chez MGT Conseils, c'est d'abord sa taille humaine. On me fait confiance et je peux y travailler en toute autonomie.<br \/><\/span><\/p>\n                    <\/div>\n\n                    <div class=\"lsow-testimonial-user\">\n\n                        <div class=\"lsow-image-wrapper\">\n                            <img width=\"150\" height=\"150\" src=\"https:\/\/www.mgt-conseils.com\/wp-content\/uploads\/2016\/11\/HAMZA-150x150.jpg\" class=\"lsow-image full\" alt=\"\" loading=\"lazy\" srcset=\"https:\/\/www.mgt-conseils.com\/wp-content\/uploads\/2016\/11\/HAMZA-150x150.jpg 150w, https:\/\/www.mgt-conseils.com\/wp-content\/uploads\/2016\/11\/HAMZA-300x300.jpg 300w, https:\/\/www.mgt-conseils.com\/wp-content\/uploads\/2016\/11\/HAMZA.jpg 344w\" sizes=\"(max-width: 150px) 100vw, 150px\" \/>                        <\/div>\n\n                        <div class=\"lsow-text\">\n                            <h4 class=\"lsow-author-name\">Hamza BENAYADE<\/h4>\n                            <div class=\"lsow-author-credentials\">Apprenti Charg\u00e9 de Projet MOA<\/div>\n                        <\/div>\n\n                    <\/div>\n\n                <\/div>\n\n            <\/div>\n\n        \n            <div class=\"lsow-slide lsow-testimonial-wrapper\">\n\n                <div class=\"lsow-testimonial\">\n\n                    <div class=\"lsow-testimonial-text\">\n\n                        <i class=\"lsow-icon-quote\"><\/i>\n\n                        <p><span style=\"color: #f39200\">Gr\u00e2ce \u00e0 MGT Conseils je monte en comp\u00e9tences sur de nouvelles technologies. C'est parfait car j'aime les challenges ! <br \/><\/span><\/p>\n                    <\/div>\n\n                    <div class=\"lsow-testimonial-user\">\n\n                        <div class=\"lsow-image-wrapper\">\n                            <img width=\"150\" height=\"150\" src=\"https:\/\/www.mgt-conseils.com\/wp-content\/uploads\/2016\/11\/edemalomatsi-150x150.jpg\" class=\"lsow-image full\" alt=\"\" loading=\"lazy\" srcset=\"https:\/\/www.mgt-conseils.com\/wp-content\/uploads\/2016\/11\/edemalomatsi-150x150.jpg 150w, https:\/\/www.mgt-conseils.com\/wp-content\/uploads\/2016\/11\/edemalomatsi-300x300.jpg 300w, https:\/\/www.mgt-conseils.com\/wp-content\/uploads\/2016\/11\/edemalomatsi.jpg 326w\" sizes=\"(max-width: 150px) 100vw, 150px\" \/>                        <\/div>\n\n                        <div class=\"lsow-text\">\n                            <h4 class=\"lsow-author-name\">Edem ALOMATSI<\/h4>\n                            <div class=\"lsow-author-credentials\">D\u00e9veloppeur en Alternance<\/div>\n                        <\/div>\n\n                    <\/div>\n\n                <\/div>\n\n            <\/div>\n\n        \n            <div class=\"lsow-slide lsow-testimonial-wrapper\">\n\n                <div class=\"lsow-testimonial\">\n\n                    <div class=\"lsow-testimonial-text\">\n\n                        <i class=\"lsow-icon-quote\"><\/i>\n\n                        <p><span style=\"color: #f39200\">MGT Conseils est une entreprise sympathique dans laquelle on aime travailler.<\/span><\/p>\n                    <\/div>\n\n                    <div class=\"lsow-testimonial-user\">\n\n                        <div class=\"lsow-image-wrapper\">\n                            <img width=\"150\" height=\"150\" src=\"https:\/\/www.mgt-conseils.com\/wp-content\/uploads\/2016\/11\/morad-150x150.jpg\" class=\"lsow-image full\" alt=\"\" loading=\"lazy\" srcset=\"https:\/\/www.mgt-conseils.com\/wp-content\/uploads\/2016\/11\/morad-150x150.jpg 150w, https:\/\/www.mgt-conseils.com\/wp-content\/uploads\/2016\/11\/morad-300x300.jpg 300w, https:\/\/www.mgt-conseils.com\/wp-content\/uploads\/2016\/11\/morad.jpg 301w\" sizes=\"(max-width: 150px) 100vw, 150px\" \/>                        <\/div>\n\n                        <div class=\"lsow-text\">\n                            <h4 class=\"lsow-author-name\">Morad EL MARZGIOUI<\/h4>\n                            <div class=\"lsow-author-credentials\">D\u00e9veloppeur Odoo<\/div>\n                        <\/div>\n\n                    <\/div>\n\n                <\/div>\n\n            <\/div>\n\n        \n    <\/div>\n\n<\/div><\/div><\/div><\/div><div id=\"panel-3251-1-3-2\" class=\"so-panel widget widget_spacer panel-last-child\" data-index=\"8\" ><div class=\"so-widget-spacer so-widget-spacer-spacer-style-d75171398898\">\r\n\r\n\r\n\r\n\r\n<div class=\"spacer\" style=\"height: 3px\">\r\n<\/div><\/div><\/div><\/div><div id=\"pgc-3251-1-4\"  class=\"panel-grid-cell\" ><div id=\"panel-3251-1-4-0\" class=\"so-panel widget widget_spacer panel-first-child panel-last-child\" data-index=\"9\" ><div class=\"so-widget-spacer so-widget-spacer-spacer-style-d75171398898\">\r\n\r\n\r\n\r\n\r\n<div class=\"spacer\" style=\"height: 3px\">\r\n<\/div><\/div><\/div><\/div><\/div><\/div><div id=\"pg-3251-2\"  class=\"panel-grid panel-has-style\" ><div class=\"siteorigin-panels-stretch panel-row-style panel-row-style-for-3251-2\" data-stretch-type=\"full\" ><div id=\"pgc-3251-2-0\"  class=\"panel-grid-cell panel-grid-cell-empty\" ><\/div><div id=\"pgc-3251-2-1\"  class=\"panel-grid-cell panel-grid-cell-mobile-last\" ><div id=\"panel-3251-2-1-0\" class=\"so-panel widget widget_spacer panel-first-child\" data-index=\"10\" ><div class=\"so-widget-spacer so-widget-spacer-spacer-style-d75171398898\">\r\n\r\n\r\n\r\n\r\n<div class=\"spacer\" style=\"height: 3px\">\r\n<\/div><\/div><\/div><div id=\"panel-3251-2-1-1\" class=\"so-panel widget widget_lsow-heading\" data-index=\"11\" ><div class=\"so-widget-lsow-heading so-widget-lsow-heading-default-d75171398898\">\n<div class=\"lsow-heading lsow-style3 lsow-aligncenter\">\n\n    \n    <h3 class=\"lsow-title\">3 \u00e9tapes \u00e0 franchir<\/h3>\n\n    \n<\/div><\/div><\/div><div id=\"panel-3251-2-1-2\" class=\"so-panel widget widget_lsow-services\" data-index=\"12\" ><div class=\"panel-widget-style panel-widget-style-for-3251-2-1-2\" ><div class=\"so-widget-lsow-services so-widget-lsow-services-default-d75171398898\">\n\n\n<div class=\"lsow-services lsow-style1 lsow-grid-container\">\n\n    \n        \n        <div class=\"lsow-service-wrapper lsow-fourcol\">\n\n            <div class=\"lsow-service\">\n\n                \n                    <div class=\"lsow-image-wrapper\">\n\n                        <img width=\"100\" height=\"100\" src=\"https:\/\/www.mgt-conseils.com\/wp-content\/uploads\/2016\/11\/briser-01.png\" class=\"lsow-image full\" alt=\"\" loading=\"lazy\" \/>\n                    <\/div>\n\n                \n                <div class=\"lsow-service-text\">\n\n                    <h3 class=\"lsow-title\">Etape 1<\/h3>\n\n                    <div class=\"lsow-service-details\"><h4 style=\"color:#f39200\"><b>Brisons la glace<\/b><\/h4>\n<p style=\"text-align: justify\">Une fois votre dossier de candidature re\u00e7u, notre Charg\u00e9e de Ressources Humaines vous contacte pour un <strong>1er entretien t\u00e9l\u00e9phonique<\/strong>. <br \/><br \/>Elle valide avec vous votre projet de carri\u00e8re et vos aspirations professionnelles.\n<br \/><br \/>Si nos objectifs convergent, un entretien dans nos locaux vous est propos\u00e9.<\/p><\/div>\n\n                <\/div>\n\n            <\/div>\n\n        <\/div>\n\n    \n        \n        <div class=\"lsow-service-wrapper lsow-fourcol\">\n\n            <div class=\"lsow-service\">\n\n                \n                    <div class=\"lsow-image-wrapper\">\n\n                        <img width=\"100\" height=\"100\" src=\"https:\/\/www.mgt-conseils.com\/wp-content\/uploads\/2016\/11\/decouvrir-01.png\" class=\"lsow-image full\" alt=\"\" loading=\"lazy\" \/>\n                    <\/div>\n\n                \n                <div class=\"lsow-service-text\">\n\n                    <h3 class=\"lsow-title\">Etape 2<\/h3>\n\n                    <div class=\"lsow-service-details\"><h4 style=\"color:#f39200\"><b>Vous d\u00e9couvrir<\/b><\/h4>\n<p style=\"text-align: justify\">Votre <strong>2\u00e8me entretien<\/strong> est r\u00e9alis\u00e9 dans nos locaux par notre <b> Charg\u00e9e de Ressources Humaines<\/b>. Vous pr\u00e9sentez votre parcours, vos projets, et vos motivations \u00e0 rejoindre nos \u00e9quipes.<br \/> Une \u00e9valuation de vos comp\u00e9tences techniques pour le poste auquel vous aspirez est r\u00e9alis\u00e9e en s\u00e9ance.\n<br \/>Si cette \u00e9tape est concluante, un dernier entretien vous est propos\u00e9.<\/p><\/div>\n\n                <\/div>\n\n            <\/div>\n\n        <\/div>\n\n    \n        \n        <div class=\"lsow-service-wrapper lsow-fourcol\">\n\n            <div class=\"lsow-service\">\n\n                \n                    <div class=\"lsow-image-wrapper\">\n\n                        <img width=\"100\" height=\"100\" src=\"https:\/\/www.mgt-conseils.com\/wp-content\/uploads\/2016\/11\/confirmer-01.png\" class=\"lsow-image full\" alt=\"\" loading=\"lazy\" \/>\n                    <\/div>\n\n                \n                <div class=\"lsow-service-text\">\n\n                    <h3 class=\"lsow-title\">Etape 3<\/h3>\n\n                    <div class=\"lsow-service-details\"><h4 style=\"color:#f39200\"><b>Confirmer nos intuitions<\/b><\/h4>\n<p style=\"text-align: justify\">Derni\u00e8re \u00e9tape du processus de recrutement,<strong> cet entretien <\/strong> individuel permet \u00e0 l\u2019un des <b>membres de la Direction<\/b> de confirmer nos intuitions quant \u00e0 votre profil.  Projets, comp\u00e9tences, objectifs de carri\u00e8re sont-ils en ad\u00e9quation avec notre d\u00e9veloppement ?\n<br \/>Si nos objectifs respectifs convergent, une <strong>proposition d'embauche<\/strong> vous est adress\u00e9e et l'aventure MGT Conseils commencera !<\/p><\/div>\n\n                <\/div>\n\n            <\/div>\n\n        <\/div>\n\n    \n<\/div><\/div><\/div><\/div><div id=\"panel-3251-2-1-3\" class=\"so-panel widget widget_sow-button\" data-index=\"13\" ><div class=\"so-widget-sow-button so-widget-sow-button-flat-d3c527c748e4\"><div class=\"ow-button-base ow-button-align-center\">\n\t<a href=\"https:\/\/www.mgt-conseils.com\/index.php\/recrutement\/\" class=\"ow-icon-placement-left ow-button-hover\" \t\t>\n\t\t<span>\n\t\t\t\n\t\t\tJe postule\t\t<\/span>\n\t<\/a>\n<\/div>\n<\/div><\/div><div id=\"panel-3251-2-1-4\" class=\"so-panel widget widget_spacer panel-last-child\" data-index=\"14\" ><div class=\"so-widget-spacer so-widget-spacer-spacer-style-d75171398898\">\r\n\r\n\r\n\r\n\r\n<div class=\"spacer\" style=\"height: 3px\">\r\n<\/div><\/div><\/div><\/div><div id=\"pgc-3251-2-2\"  class=\"panel-grid-cell panel-grid-cell-empty\" ><\/div><\/div><\/div><\/div>","protected":false},"excerpt":{"rendered":"<p>\u00a0Processus de recrutement\u00a0\u00bbPour nous rejoindre, rien de plus simple\u2026\u00a0\u00bb Je postule En 3 semaines Vous rep\u00e9rez une annonce et souhaitez [&hellip;]<\/p>\n","protected":false},"author":1,"featured_media":0,"parent":952,"menu_order":0,"comment_status":"closed","ping_status":"closed","template":"template-home.php","meta":[],"yoast_head":"<!-- This site is optimized with the Yoast SEO plugin v15.6.2 - https:\/\/yoast.com\/wordpress\/plugins\/seo\/ -->\n<title>Processus de recrutement - MGT Conseils<\/title>\n<meta name=\"robots\" content=\"index, follow, max-snippet:-1, max-image-preview:large, max-video-preview:-1\" \/>\n<link rel=\"canonical\" href=\"https:\/\/www.mgt-conseils.com\/index.php\/recrutement\/processus-de-recrutement\/\" \/>\n<meta property=\"og:locale\" content=\"fr_FR\" \/>\n<meta property=\"og:type\" content=\"article\" \/>\n<meta property=\"og:title\" content=\"Processus de recrutement - MGT Conseils\" \/>\n<meta property=\"og:description\" content=\"\u00a0Processus de recrutement&quot;Pour nous rejoindre, rien de plus simple\u2026&quot; Je postule En 3 semaines Vous rep\u00e9rez une annonce et souhaitez [&hellip;]\" \/>\n<meta property=\"og:url\" content=\"https:\/\/www.mgt-conseils.com\/index.php\/recrutement\/processus-de-recrutement\/\" \/>\n<meta property=\"og:site_name\" content=\"MGT Conseils\" \/>\n<meta property=\"article:modified_time\" content=\"2019-01-22T13:52:00+00:00\" \/>\n<meta property=\"og:image\" content=\"https:\/\/www.mgt-conseils.com\/wp-content\/uploads\/2016\/11\/header_process_recrutement_vf.png\" \/>\n\t<meta property=\"og:image:width\" content=\"1903\" \/>\n\t<meta property=\"og:image:height\" content=\"500\" \/>\n<meta name=\"twitter:card\" content=\"summary\" \/>\n<script type=\"application\/ld+json\" class=\"yoast-schema-graph\">{\"@context\":\"https:\/\/schema.org\",\"@graph\":[{\"@type\":\"WebSite\",\"@id\":\"https:\/\/www.mgt-conseils.com\/#website\",\"url\":\"https:\/\/www.mgt-conseils.com\/\",\"name\":\"MGT Conseils\",\"description\":\"Acc\\u00e9l\\u00e9rateur de performance\",\"potentialAction\":[{\"@type\":\"SearchAction\",\"target\":\"https:\/\/www.mgt-conseils.com\/?s={search_term_string}\",\"query-input\":\"required name=search_term_string\"}],\"inLanguage\":\"fr-FR\"},{\"@type\":\"WebPage\",\"@id\":\"https:\/\/www.mgt-conseils.com\/index.php\/recrutement\/processus-de-recrutement\/#webpage\",\"url\":\"https:\/\/www.mgt-conseils.com\/index.php\/recrutement\/processus-de-recrutement\/\",\"name\":\"Processus de recrutement - MGT Conseils\",\"isPartOf\":{\"@id\":\"https:\/\/www.mgt-conseils.com\/#website\"},\"datePublished\":\"2016-11-14T16:41:20+00:00\",\"dateModified\":\"2019-01-22T13:52:00+00:00\",\"inLanguage\":\"fr-FR\",\"potentialAction\":[{\"@type\":\"ReadAction\",\"target\":[\"https:\/\/www.mgt-conseils.com\/index.php\/recrutement\/processus-de-recrutement\/\"]}]}]}<\/script>\n<!-- \/ Yoast SEO plugin. -->","_links":{"self":[{"href":"https:\/\/www.mgt-conseils.com\/index.php\/wp-json\/wp\/v2\/pages\/3251"}],"collection":[{"href":"https:\/\/www.mgt-conseils.com\/index.php\/wp-json\/wp\/v2\/pages"}],"about":[{"href":"https:\/\/www.mgt-conseils.com\/index.php\/wp-json\/wp\/v2\/types\/page"}],"author":[{"embeddable":true,"href":"https:\/\/www.mgt-conseils.com\/index.php\/wp-json\/wp\/v2\/users\/1"}],"replies":[{"embeddable":true,"href":"https:\/\/www.mgt-conseils.com\/index.php\/wp-json\/wp\/v2\/comments?post=3251"}],"version-history":[{"count":116,"href":"https:\/\/www.mgt-conseils.com\/index.php\/wp-json\/wp\/v2\/pages\/3251\/revisions"}],"predecessor-version":[{"id":8705,"href":"https:\/\/www.mgt-conseils.com\/index.php\/wp-json\/wp\/v2\/pages\/3251\/revisions\/8705"}],"up":[{"embeddable":true,"href":"https:\/\/www.mgt-conseils.com\/index.php\/wp-json\/wp\/v2\/pages\/952"}],"wp:attachment":[{"href":"https:\/\/www.mgt-conseils.com\/index.php\/wp-json\/wp\/v2\/media?parent=3251"}],"curies":[{"name":"wp","href":"https:\/\/api.w.org\/{rel}","templated":true}]}}