{"id":4788,"date":"2017-08-22T09:05:25","date_gmt":"2017-08-22T08:05:25","guid":{"rendered":"https:\/\/www.mgt-conseils.com\/?page_id=4788"},"modified":"2017-12-12T14:04:44","modified_gmt":"2017-12-12T13:04:44","slug":"responsabilite-sociale-environnementale","status":"publish","type":"page","link":"https:\/\/www.mgt-conseils.com\/index.php\/qui-sommes-nous\/responsabilite-sociale-environnementale\/","title":{"rendered":"Responsabilit\u00e9 sociale et environnementale"},"content":{"rendered":"<div id=\"pl-4788\"  class=\"panel-layout\" ><div id=\"pg-4788-0\"  class=\"panel-grid panel-no-style\" ><div id=\"pgc-4788-0-0\"  class=\"panel-grid-cell\" ><div id=\"panel-4788-0-0-0\" class=\"so-panel widget widget_sow-hero panel-first-child\" data-index=\"0\" ><div class=\"so-widget-sow-hero so-widget-sow-hero-default-7523cf26fb56\"><div class=\"sow-slider-base \" style=\"display: none\"><ul class=\"sow-slider-images\" data-settings=\"{&quot;pagination&quot;:true,&quot;speed&quot;:800,&quot;timeout&quot;:8000,&quot;paused&quot;:false,&quot;pause_on_hover&quot;:false,&quot;swipe&quot;:false,&quot;nav_always_show_mobile&quot;:&quot;&quot;,&quot;breakpoint&quot;:&quot;780px&quot;}\">\t\t<li class=\"sow-slider-image  sow-slider-image-cover\" style=\"background-color: #333333\" >\n\t\t\t\t\t<div class=\"sow-slider-image-container\">\n\t\t\t<div class=\"sow-slider-image-wrapper\">\n\t\t\t\t<p style=\"text-align: center\" title=\"Business intelligence\"><span style=\"color: #ffffff\"><i class=\"fa fa-handshake-o fa-4x\"><\/i><\/span><\/p>\n<h1 style=\"text-align: center\"><span style=\"color: #ffffff\"><strong>Responsabilit\u00e9 Sociale et Environnementale<\/strong><\/span><\/h1>\n<h2 style=\"text-align: center\"><span style=\"color: #ffffff\">\" Nous sommes une entreprise engag\u00e9e \"<\/span><\/h2>\t\t\t<\/div>\n\t\t<\/div>\n\t\t<div class=\"sow-slider-image-overlay sow-slider-image-cover\" style=\"background-image: url(https:\/\/www.mgt-conseils.com\/wp-content\/uploads\/2017\/08\/1837_low.jpg);opacity: 0.6\"  ><\/div>\t\t<\/li>\n\t\t<\/ul>\t\t\t\t<ol class=\"sow-slider-pagination\">\n\t\t\t\t\t\t\t\t\t\t\t<li><a href=\"#\" data-goto=\"0\" aria-label=\"afficher la diapositive 1\"><\/a><\/li>\n\t\t\t\t\t\t\t\t\t<\/ol>\n\n\t\t\t\t<div class=\"sow-slide-nav sow-slide-nav-next\">\n\t\t\t\t\t<a href=\"#\" data-goto=\"next\" aria-label=\"diapositive suivante\" data-action=\"next\">\n\t\t\t\t\t\t<em class=\"sow-sld-icon-thin-right\"><\/em>\n\t\t\t\t\t<\/a>\n\t\t\t\t<\/div>\n\n\t\t\t\t<div class=\"sow-slide-nav sow-slide-nav-prev\">\n\t\t\t\t\t<a href=\"#\" data-goto=\"previous\" aria-label=\"diapositive pr\u00e9c\u00e9dente\" data-action=\"prev\">\n\t\t\t\t\t\t<em class=\"sow-sld-icon-thin-left\"><\/em>\n\t\t\t\t\t<\/a>\n\t\t\t\t<\/div>\n\t\t\t\t<\/div><\/div><\/div><div id=\"panel-4788-0-0-1\" class=\"so-panel widget widget_sow-editor panel-last-child\" data-index=\"1\" ><div class=\"panel-widget-style panel-widget-style-for-4788-0-0-1\" ><div class=\"so-widget-sow-editor so-widget-sow-editor-base\"><h3 class=\"widget-title\">Nos engagements RSE<\/h3>\n<div class=\"siteorigin-widget-tinymce textwidget\">\n\t<p style=\"text-align: center;\">Cr\u00e9\u00e9e en 2004, notre entreprise \u00e0 taille humaine s\u2019est engag\u00e9e, depuis 2010 dans une d\u00e9marche de progr\u00e8s continu, \u00e0 travers une politique de responsabilit\u00e9 d\u2019entreprise volontariste pour allier rentabilit\u00e9 \u00e9conomique, \u00e9quit\u00e9 sociale et pr\u00e9servation de l\u2019environnement.<\/p>\n<\/div>\n<\/div><\/div><\/div><\/div><\/div><div id=\"pg-4788-1\"  class=\"panel-grid panel-has-style\" ><div style=\"background-color: #ffffff; \" class=\"panel-row-style panel-row-style-for-4788-1\" ><div id=\"pgc-4788-1-0\"  class=\"panel-grid-cell panel-grid-cell-empty\" ><\/div><div id=\"pgc-4788-1-1\"  class=\"panel-grid-cell panel-grid-cell-mobile-last\" ><div id=\"panel-4788-1-1-0\" class=\"so-panel widget widget_lsow-services panel-first-child\" data-index=\"2\" ><div class=\"so-widget-lsow-services so-widget-lsow-services-default-d75171398898\">\n\n\n<div class=\"lsow-services lsow-style1 lsow-grid-container\">\n\n    \n        \n        <div class=\"lsow-service-wrapper lsow-fourcol\">\n\n            <div class=\"lsow-service\">\n\n                \n                    <div class=\"lsow-image-wrapper\">\n\n                        <img width=\"6000\" height=\"4004\" src=\"https:\/\/www.mgt-conseils.com\/wp-content\/uploads\/2017\/08\/645.jpg\" class=\"lsow-image full\" alt=\"\" loading=\"lazy\" srcset=\"https:\/\/www.mgt-conseils.com\/wp-content\/uploads\/2017\/08\/645.jpg 6000w, https:\/\/www.mgt-conseils.com\/wp-content\/uploads\/2017\/08\/645-300x200.jpg 300w, https:\/\/www.mgt-conseils.com\/wp-content\/uploads\/2017\/08\/645-768x513.jpg 768w, https:\/\/www.mgt-conseils.com\/wp-content\/uploads\/2017\/08\/645-1024x683.jpg 1024w, https:\/\/www.mgt-conseils.com\/wp-content\/uploads\/2017\/08\/645-272x182.jpg 272w\" sizes=\"(max-width: 6000px) 100vw, 6000px\" \/>\n                    <\/div>\n\n                \n                <div class=\"lsow-service-text\">\n\n                    <h3 class=\"lsow-title\">Nos engagements \u00e9conomiques<\/h3>\n\n                    <div class=\"lsow-service-details\"><ul style=\"text-align:left;max-width: 450px\">\n<li>\u2022 D\u00e9velopper des offres <strong>proches des besoins clients<\/strong><\/li>\n<li>\u2022 Cr\u00e9er des <strong>partenariats durables<\/strong><\/li>\n<li>\u2022 Transformer chaque client en prescripteur<\/li>\n<\/ul><\/div>\n\n                <\/div>\n\n            <\/div>\n\n        <\/div>\n\n    \n        \n        <div class=\"lsow-service-wrapper lsow-fourcol\">\n\n            <div class=\"lsow-service\">\n\n                \n                    <div class=\"lsow-image-wrapper\">\n\n                        <img width=\"1687\" height=\"1126\" src=\"https:\/\/www.mgt-conseils.com\/wp-content\/uploads\/2017\/08\/Fotolia_85653783_M.jpg\" class=\"lsow-image full\" alt=\"\" loading=\"lazy\" srcset=\"https:\/\/www.mgt-conseils.com\/wp-content\/uploads\/2017\/08\/Fotolia_85653783_M.jpg 1687w, https:\/\/www.mgt-conseils.com\/wp-content\/uploads\/2017\/08\/Fotolia_85653783_M-300x200.jpg 300w, https:\/\/www.mgt-conseils.com\/wp-content\/uploads\/2017\/08\/Fotolia_85653783_M-768x513.jpg 768w, https:\/\/www.mgt-conseils.com\/wp-content\/uploads\/2017\/08\/Fotolia_85653783_M-1024x683.jpg 1024w, https:\/\/www.mgt-conseils.com\/wp-content\/uploads\/2017\/08\/Fotolia_85653783_M-272x182.jpg 272w\" sizes=\"(max-width: 1687px) 100vw, 1687px\" \/>\n                    <\/div>\n\n                \n                <div class=\"lsow-service-text\">\n\n                    <h3 class=\"lsow-title\">Nos engagements sociaux<\/h3>\n\n                    <div class=\"lsow-service-details\"><ul style=\"text-align:left;max-width: 450px\">\n<li>\u2022 Favoriser l\u2019<strong>\u00e9panouissement professionnel de nos salari\u00e9s<\/strong>\n<\/li><li>\u2022 <strong>Diversifier les domaines de comp\u00e9tences<\/strong> des salari\u00e9s<\/li>\n<li>\u2022 Favoriser l\u2019<strong>emploi et les initiatives d\u2019entreprenariat<\/strong><\/li>\n\n<\/ul><\/div>\n\n                <\/div>\n\n            <\/div>\n\n        <\/div>\n\n    \n        \n        <div class=\"lsow-service-wrapper lsow-fourcol\">\n\n            <div class=\"lsow-service\">\n\n                \n                    <div class=\"lsow-image-wrapper\">\n\n                        <img width=\"6000\" height=\"4004\" src=\"https:\/\/www.mgt-conseils.com\/wp-content\/uploads\/2017\/08\/1727.jpg\" class=\"lsow-image full\" alt=\"\" loading=\"lazy\" srcset=\"https:\/\/www.mgt-conseils.com\/wp-content\/uploads\/2017\/08\/1727.jpg 6000w, https:\/\/www.mgt-conseils.com\/wp-content\/uploads\/2017\/08\/1727-300x200.jpg 300w, https:\/\/www.mgt-conseils.com\/wp-content\/uploads\/2017\/08\/1727-768x513.jpg 768w, https:\/\/www.mgt-conseils.com\/wp-content\/uploads\/2017\/08\/1727-1024x683.jpg 1024w, https:\/\/www.mgt-conseils.com\/wp-content\/uploads\/2017\/08\/1727-272x182.jpg 272w\" sizes=\"(max-width: 6000px) 100vw, 6000px\" \/>\n                    <\/div>\n\n                \n                <div class=\"lsow-service-text\">\n\n                    <h3 class=\"lsow-title\">Nos engagements environnementaux<\/h3>\n\n                    <div class=\"lsow-service-details\"><ul style=\"text-align:left;max-width: 450px\">\n<li>\u2022 Avoir et v\u00e9hiculer une <strong>d\u00e9marche responsable<\/strong> au quotidien<\/li>\n<li>\u2022 Favoriser les d\u00e9marches qui <strong>sauvegardent nos ressources<\/strong> <\/li>\n<\/ul><\/div>\n\n                <\/div>\n\n            <\/div>\n\n        <\/div>\n\n    \n<\/div><\/div><\/div><div id=\"panel-4788-1-1-1\" class=\"so-panel widget widget_sow-editor\" data-index=\"3\" ><div class=\"so-widget-sow-editor so-widget-sow-editor-base\">\n<div class=\"siteorigin-widget-tinymce textwidget\">\n\t<h3 style=\"text-align: center; font-size: 32px;\"><b>Depuis 2017, nous affirmons notre engagement aux principes du Pacte Mondial<\/b><\/h3>\n<p> <img loading=\"lazy\" class=\"aligncenter wp-image-5902 size-medium\" src=\"https:\/\/www.mgt-conseils.com\/wp-content\/uploads\/2017\/12\/GC_COP_ENDORSER_FR-rgb-01-300x116.png\" sizes=\"(max-width: 300px) 100vw, 300px\" srcset=\"https:\/\/www.mgt-conseils.com\/wp-content\/uploads\/2017\/12\/GC_COP_ENDORSER_FR-rgb-01-300x116.png 300w, https:\/\/www.mgt-conseils.com\/wp-content\/uploads\/2017\/12\/GC_COP_ENDORSER_FR-rgb-01.png 495w\" alt=\"\" width=\"300\" height=\"116\" \/><\/p>\n<\/div>\n<\/div><\/div><div id=\"panel-4788-1-1-2\" class=\"so-panel widget widget_spacer panel-last-child\" data-index=\"4\" ><div class=\"so-widget-spacer so-widget-spacer-spacer-style-d75171398898\">\r\n\r\n\r\n\r\n\r\n<div class=\"spacer\" style=\"height: 34px\">\r\n<\/div><\/div><\/div><\/div><div id=\"pgc-4788-1-2\"  class=\"panel-grid-cell panel-grid-cell-empty\" ><\/div><\/div><\/div><div id=\"pg-4788-2\"  class=\"panel-grid panel-has-style\" ><div style=\"background-color: #ffffff; \" class=\"panel-row-style panel-row-style-for-4788-2\" ><div id=\"pgc-4788-2-0\"  class=\"panel-grid-cell\" ><div id=\"panel-4788-2-0-0\" class=\"so-panel widget widget_sow-editor panel-first-child\" data-index=\"5\" ><div class=\"panel-widget-style panel-widget-style-for-4788-2-0-0\" ><div class=\"so-widget-sow-editor so-widget-sow-editor-base\">\n<div class=\"siteorigin-widget-tinymce textwidget\">\n\t<h3 style=\"text-align: center;\"><strong><i class=\"fa fa-comments\"><\/i><\/strong><\/h3>\n<h3 style=\"text-align: center;\"><strong>Proximit\u00e9<\/strong><br \/> <strong>avec nos clients<\/strong><\/h3>\n<\/div>\n<\/div><\/div><\/div><div id=\"panel-4788-2-0-1\" class=\"so-panel widget widget_sow-editor\" data-index=\"6\" ><div class=\"panel-widget-style panel-widget-style-for-4788-2-0-1\" ><div class=\"so-widget-sow-editor so-widget-sow-editor-base\">\n<div class=\"siteorigin-widget-tinymce textwidget\">\n\t<h3 style=\"text-align: center;\"><strong><i class=\"fa fa-graduation-cap\"><\/i><\/strong><\/h3>\n<h3 style=\"text-align: center;\"><strong>Recrutement des<\/strong><br \/> <strong> alternants<br \/><\/strong><\/h3>\n<\/div>\n<\/div><\/div><\/div><div id=\"panel-4788-2-0-2\" class=\"so-panel widget widget_sow-editor panel-last-child\" data-index=\"7\" ><div class=\"panel-widget-style panel-widget-style-for-4788-2-0-2\" ><div class=\"so-widget-sow-editor so-widget-sow-editor-base\">\n<div class=\"siteorigin-widget-tinymce textwidget\">\n\t<h3 style=\"text-align: center;\"><strong><i class=\"fa fa-heart\"><\/i><\/strong><\/h3>\n<h3 style=\"text-align: center;\"><strong>Soutien <br \/>associatif<\/strong><\/h3>\n<\/div>\n<\/div><\/div><\/div><\/div><div id=\"pgc-4788-2-1\"  class=\"panel-grid-cell\" ><div id=\"panel-4788-2-1-0\" class=\"so-panel widget widget_sow-editor panel-first-child\" data-index=\"8\" ><div class=\"panel-widget-style panel-widget-style-for-4788-2-1-0\" ><div class=\"so-widget-sow-editor so-widget-sow-editor-base\">\n<div class=\"siteorigin-widget-tinymce textwidget\">\n\t<h3 style=\"text-align: center;\"><strong><i class=\"fa fa-globe\"><\/i><\/strong><\/h3>\n<h3 style=\"text-align: center;\"><strong>\u00c9quipes <br \/>multiculturelles<br \/>\n<\/strong><\/h3>\n<\/div>\n<\/div><\/div><\/div><div id=\"panel-4788-2-1-1\" class=\"so-panel widget widget_sow-editor\" data-index=\"9\" ><div class=\"panel-widget-style panel-widget-style-for-4788-2-1-1\" ><div class=\"so-widget-sow-editor so-widget-sow-editor-base\">\n<div class=\"siteorigin-widget-tinymce textwidget\">\n\t<h3 style=\"text-align: center;\"><strong><i class=\"fa fa-glass\"><\/i><\/strong><\/h3>\n<h3 style=\"text-align: center;\"><strong>AfterWork<\/strong><br \/> <strong>tous les 2 mois<\/strong><\/h3>\n<\/div>\n<\/div><\/div><\/div><div id=\"panel-4788-2-1-2\" class=\"so-panel widget widget_sow-editor panel-last-child\" data-index=\"10\" ><div class=\"panel-widget-style panel-widget-style-for-4788-2-1-2\" ><div class=\"so-widget-sow-editor so-widget-sow-editor-base\">\n<div class=\"siteorigin-widget-tinymce textwidget\">\n\t<h3 style=\"text-align: center;\"><strong><i class=\"fa fa-child\"><\/i><\/strong><\/h3>\n<h3 style=\"text-align: center;\"><strong>Team Building et<\/strong><br \/>\n<strong>challenge sportif<\/strong><\/h3>\n<\/div>\n<\/div><\/div><\/div><\/div><div id=\"pgc-4788-2-2\"  class=\"panel-grid-cell\" ><div id=\"panel-4788-2-2-0\" class=\"so-panel widget widget_sow-editor panel-first-child\" data-index=\"11\" ><div class=\"panel-widget-style panel-widget-style-for-4788-2-2-0\" ><div class=\"so-widget-sow-editor so-widget-sow-editor-base\">\n<div class=\"siteorigin-widget-tinymce textwidget\">\n\t<h3 style=\"text-align: center;\"><i class=\"fa fa-line-chart\"><\/i><\/h3>\n<h3 style=\"text-align: center;\"><strong>Soutien \u00e0 la cr\u00e9ation<br \/> d'entreprise<\/strong><\/h3>\n<\/div>\n<\/div><\/div><\/div><div id=\"panel-4788-2-2-1\" class=\"so-panel widget widget_sow-editor\" data-index=\"12\" ><div class=\"panel-widget-style panel-widget-style-for-4788-2-2-1\" ><div class=\"so-widget-sow-editor so-widget-sow-editor-base\">\n<div class=\"siteorigin-widget-tinymce textwidget\">\n\t<h3 style=\"text-align: center;\"><strong><i class=\"fa fa-car\"><\/i><\/strong><\/h3>\n<h3 style=\"text-align: center;\"><strong>V\u00e9hicules <br \/>hybrides<\/strong><\/h3>\n<\/div>\n<\/div><\/div><\/div><div id=\"panel-4788-2-2-2\" class=\"so-panel widget widget_sow-editor panel-last-child\" data-index=\"13\" ><div class=\"panel-widget-style panel-widget-style-for-4788-2-2-2\" ><div class=\"so-widget-sow-editor so-widget-sow-editor-base\">\n<div class=\"siteorigin-widget-tinymce textwidget\">\n\t<h3 style=\"text-align: center;\"><strong><i class=\"fa fa-cloud\"><\/i><\/strong><\/h3>\n<h3 style=\"text-align: center;\"><strong>D\u00e9mat\u00e9rialisation des<\/strong><br \/>\n<strong>proc\u00e9dures<\/strong><\/h3>\n<\/div>\n<\/div><\/div><\/div><\/div><div id=\"pgc-4788-2-3\"  class=\"panel-grid-cell\" ><div id=\"panel-4788-2-3-0\" class=\"so-panel widget widget_sow-editor panel-first-child\" data-index=\"14\" ><div class=\"panel-widget-style panel-widget-style-for-4788-2-3-0\" ><div class=\"so-widget-sow-editor so-widget-sow-editor-base\">\n<div class=\"siteorigin-widget-tinymce textwidget\">\n\t<h3 style=\"text-align: center;\"><strong><i class=\"fa fa-trash-o\"><\/i><\/strong><\/h3>\n<h3 style=\"text-align: center;\"><strong>Tri et recyclage<\/strong><br \/>\n<strong>de nos d\u00e9chets<\/strong><\/h3>\n<\/div>\n<\/div><\/div><\/div><div id=\"panel-4788-2-3-1\" class=\"so-panel widget widget_sow-editor\" data-index=\"15\" ><div class=\"panel-widget-style panel-widget-style-for-4788-2-3-1\" ><div class=\"so-widget-sow-editor so-widget-sow-editor-base\">\n<div class=\"siteorigin-widget-tinymce textwidget\">\n\t<h3 style=\"text-align: center;\"><strong><i class=\"fa fa-cog fa-spin\"><\/i><\/strong><\/h3>\n<h3 style=\"text-align: center;\"><strong>Formations et <br \/>coaching <\/strong><\/h3>\n<\/div>\n<\/div><\/div><\/div><div id=\"panel-4788-2-3-2\" class=\"so-panel widget widget_sow-editor panel-last-child\" data-index=\"16\" ><div class=\"panel-widget-style panel-widget-style-for-4788-2-3-2\" ><div class=\"so-widget-sow-editor so-widget-sow-editor-base\">\n<div class=\"siteorigin-widget-tinymce textwidget\">\n\t<h3 style=\"text-align: center;\"><strong><i class=\"fa fa-money\"><\/i><\/strong><\/h3>\n<h3 style=\"text-align: center;\"><strong>Politique <br \/>de r\u00e9mun\u00e9ration<br \/>\n<\/strong><\/h3>\n<\/div>\n<\/div><\/div><\/div><\/div><\/div><\/div><div id=\"pg-4788-3\"  class=\"panel-grid panel-no-style\" ><div id=\"pgc-4788-3-0\"  class=\"panel-grid-cell\" ><div id=\"panel-4788-3-0-0\" class=\"so-panel widget widget_spacer panel-first-child panel-last-child\" data-index=\"17\" ><div class=\"so-widget-spacer so-widget-spacer-spacer-style-d75171398898\">\r\n\r\n\r\n\r\n\r\n<div class=\"spacer\" style=\"height: 34px\">\r\n<\/div><\/div><\/div><\/div><\/div><\/div>","protected":false},"excerpt":{"rendered":"<p>Responsabilit\u00e9 Sociale et Environnementale \u00a0\u00bb Nous sommes une entreprise engag\u00e9e \u00a0\u00bb Nos engagements RSE Cr\u00e9\u00e9e en 2004, notre entreprise \u00e0 [&hellip;]<\/p>\n","protected":false},"author":1,"featured_media":0,"parent":480,"menu_order":0,"comment_status":"closed","ping_status":"closed","template":"template-home.php","meta":[],"yoast_head":"<!-- This site is optimized with the Yoast SEO plugin v15.6.2 - https:\/\/yoast.com\/wordpress\/plugins\/seo\/ -->\n<title>Responsabilit\u00e9 sociale et environnementale - MGT Conseils<\/title>\n<meta name=\"robots\" content=\"index, follow, max-snippet:-1, max-image-preview:large, max-video-preview:-1\" \/>\n<link rel=\"canonical\" href=\"https:\/\/www.mgt-conseils.com\/index.php\/qui-sommes-nous\/responsabilite-sociale-environnementale\/\" \/>\n<meta property=\"og:locale\" content=\"fr_FR\" \/>\n<meta property=\"og:type\" content=\"article\" \/>\n<meta property=\"og:title\" content=\"Responsabilit\u00e9 sociale et environnementale - MGT Conseils\" \/>\n<meta property=\"og:description\" content=\"Responsabilit\u00e9 Sociale et Environnementale &quot; Nous sommes une entreprise engag\u00e9e &quot; Nos engagements RSE Cr\u00e9\u00e9e en 2004, notre entreprise \u00e0 [&hellip;]\" \/>\n<meta property=\"og:url\" content=\"https:\/\/www.mgt-conseils.com\/index.php\/qui-sommes-nous\/responsabilite-sociale-environnementale\/\" \/>\n<meta property=\"og:site_name\" content=\"MGT Conseils\" \/>\n<meta property=\"article:modified_time\" content=\"2017-12-12T13:04:44+00:00\" \/>\n<meta property=\"og:image\" content=\"https:\/\/www.mgt-conseils.com\/wp-content\/uploads\/2017\/08\/645.jpg\" \/>\n<meta name=\"twitter:card\" content=\"summary\" \/>\n<meta name=\"twitter:label1\" content=\"Dur\u00e9e de lecture est.\">\n\t<meta name=\"twitter:data1\" content=\"1 minute\">\n<script type=\"application\/ld+json\" class=\"yoast-schema-graph\">{\"@context\":\"https:\/\/schema.org\",\"@graph\":[{\"@type\":\"WebSite\",\"@id\":\"https:\/\/www.mgt-conseils.com\/#website\",\"url\":\"https:\/\/www.mgt-conseils.com\/\",\"name\":\"MGT Conseils\",\"description\":\"Acc\\u00e9l\\u00e9rateur de performance\",\"potentialAction\":[{\"@type\":\"SearchAction\",\"target\":\"https:\/\/www.mgt-conseils.com\/?s={search_term_string}\",\"query-input\":\"required name=search_term_string\"}],\"inLanguage\":\"fr-FR\"},{\"@type\":\"ImageObject\",\"@id\":\"https:\/\/www.mgt-conseils.com\/index.php\/qui-sommes-nous\/responsabilite-sociale-environnementale\/#primaryimage\",\"inLanguage\":\"fr-FR\",\"url\":\"https:\/\/www.mgt-conseils.com\/wp-content\/uploads\/2017\/08\/645.jpg\",\"width\":6000,\"height\":4004,\"caption\":\"Business People Handshake Greeting Deal at work.\"},{\"@type\":\"WebPage\",\"@id\":\"https:\/\/www.mgt-conseils.com\/index.php\/qui-sommes-nous\/responsabilite-sociale-environnementale\/#webpage\",\"url\":\"https:\/\/www.mgt-conseils.com\/index.php\/qui-sommes-nous\/responsabilite-sociale-environnementale\/\",\"name\":\"Responsabilit\\u00e9 sociale et environnementale - MGT Conseils\",\"isPartOf\":{\"@id\":\"https:\/\/www.mgt-conseils.com\/#website\"},\"primaryImageOfPage\":{\"@id\":\"https:\/\/www.mgt-conseils.com\/index.php\/qui-sommes-nous\/responsabilite-sociale-environnementale\/#primaryimage\"},\"datePublished\":\"2017-08-22T08:05:25+00:00\",\"dateModified\":\"2017-12-12T13:04:44+00:00\",\"inLanguage\":\"fr-FR\",\"potentialAction\":[{\"@type\":\"ReadAction\",\"target\":[\"https:\/\/www.mgt-conseils.com\/index.php\/qui-sommes-nous\/responsabilite-sociale-environnementale\/\"]}]}]}<\/script>\n<!-- \/ Yoast SEO plugin. -->","_links":{"self":[{"href":"https:\/\/www.mgt-conseils.com\/index.php\/wp-json\/wp\/v2\/pages\/4788"}],"collection":[{"href":"https:\/\/www.mgt-conseils.com\/index.php\/wp-json\/wp\/v2\/pages"}],"about":[{"href":"https:\/\/www.mgt-conseils.com\/index.php\/wp-json\/wp\/v2\/types\/page"}],"author":[{"embeddable":true,"href":"https:\/\/www.mgt-conseils.com\/index.php\/wp-json\/wp\/v2\/users\/1"}],"replies":[{"embeddable":true,"href":"https:\/\/www.mgt-conseils.com\/index.php\/wp-json\/wp\/v2\/comments?post=4788"}],"version-history":[{"count":428,"href":"https:\/\/www.mgt-conseils.com\/index.php\/wp-json\/wp\/v2\/pages\/4788\/revisions"}],"predecessor-version":[{"id":5971,"href":"https:\/\/www.mgt-conseils.com\/index.php\/wp-json\/wp\/v2\/pages\/4788\/revisions\/5971"}],"up":[{"embeddable":true,"href":"https:\/\/www.mgt-conseils.com\/index.php\/wp-json\/wp\/v2\/pages\/480"}],"wp:attachment":[{"href":"https:\/\/www.mgt-conseils.com\/index.php\/wp-json\/wp\/v2\/media?parent=4788"}],"curies":[{"name":"wp","href":"https:\/\/api.w.org\/{rel}","templated":true}]}}